{"id":895,"date":"2026-04-22T12:40:24","date_gmt":"2026-04-22T10:40:24","guid":{"rendered":"https:\/\/ladechirure.fr\/?page_id=895"},"modified":"2026-04-24T16:02:17","modified_gmt":"2026-04-24T14:02:17","slug":"confidentialite-des-donnees","status":"publish","type":"page","link":"https:\/\/ladechirure.fr\/index.php\/confidentialite-des-donnees\/","title":{"rendered":"Confidentialit\u00e9 des donn\u00e9es"},"content":{"rendered":"\t\t<div data-elementor-type=\"wp-page\" data-elementor-id=\"895\" class=\"elementor elementor-895\">\n\t\t\t\t\t\t<section class=\"elementor-section elementor-top-section elementor-element elementor-element-108b5ed elementor-section-boxed elementor-section-height-default elementor-section-height-default row-top\" data-id=\"108b5ed\" data-element_type=\"section\" data-e-type=\"section\">\n\t\t\t\t\t\t<div class=\"elementor-container elementor-column-gap-default\">\n\t\t\t\t\t<div class=\"elementor-column elementor-col-100 elementor-top-column elementor-element elementor-element-ec0e5af column-style-top\" data-id=\"ec0e5af\" data-element_type=\"column\" data-e-type=\"column\">\n\t\t\t<div class=\"elementor-widget-wrap elementor-element-populated\">\n\t\t\t\t\t\t<div class=\"elementor-element elementor-element-d6a6fca elementor-widget elementor-widget-text-editor\" data-id=\"d6a6fca\" data-element_type=\"widget\" data-e-type=\"widget\" data-widget_type=\"text-editor.default\">\n\t\t\t\t\t\t\t\t\t<p class=\"\" data-start=\"240\" data-end=\"258\">\u00a0<\/p><h2 class=\"\" data-section-id=\"xgfogq\" data-start=\"265\" data-end=\"283\">1. Introduction<\/h2><p class=\"\" data-start=\"285\" data-end=\"488\">La pr\u00e9sente politique de confidentialit\u00e9 a pour objectif d\u2019informer les utilisateurs du site\u00a0<strong class=\"\" data-start=\"378\" data-end=\"400\"><a class=\"decorated-link\" href=\"http:\/\/www.ladechirure.fr\/\" target=\"_blank\" rel=\"noreferrer nofollow noopener\" data-start=\"380\" data-end=\"398\">www.ladechirure.fr<\/a><\/strong>\u00a0sur la mani\u00e8re dont leurs donn\u00e9es personnelles sont collect\u00e9es, utilis\u00e9es et prot\u00e9g\u00e9es.<\/p><p class=\"\" data-start=\"490\" data-end=\"621\">Le site s\u2019engage \u00e0 respecter la r\u00e9glementation en vigueur, notamment le\u00a0<strong class=\"\" data-start=\"562\" data-end=\"620\">R\u00e8glement G\u00e9n\u00e9ral sur la Protection des Donn\u00e9es (RGPD)<\/strong>.<\/p><hr class=\"\" data-start=\"623\" data-end=\"626\" \/><h2 class=\"\" data-section-id=\"10ccxrd\" data-start=\"628\" data-end=\"659\">2. Responsable du traitement<\/h2><p class=\"\" data-start=\"661\" data-end=\"707\">Les donn\u00e9es personnelles sont collect\u00e9es par :<\/p><p class=\"\" data-start=\"709\" data-end=\"799\"><strong class=\"\" data-start=\"709\" data-end=\"739\">Ombres&amp;Passions<\/strong><br class=\"\" data-start=\"739\" data-end=\"742\" \/>Adresse : BP 90073 13805 ISTRES<br class=\"\" data-start=\"770\" data-end=\"773\" \/>Email : <a class=\"\" href=\"mailto:ladechirure.lelivre@gmail.com\" rel=\"noreferrer nofollow noopener\">ladechirure.lelivre@gmail.com<\/a>\u00a0<\/p><h2 class=\"\" data-section-id=\"1tlo4vh\" data-start=\"806\" data-end=\"830\">3. Donn\u00e9es collect\u00e9es<\/h2><p class=\"\" data-start=\"832\" data-end=\"874\">Les donn\u00e9es pouvant \u00eatre collect\u00e9es sont :<\/p><h3 class=\"\" data-section-id=\"1m0xw5i\" data-start=\"876\" data-end=\"911\">\ud83d\udccc Donn\u00e9es fournies directement<\/h3><ul class=\"\" data-start=\"912\" data-end=\"1019\"><li class=\"\" data-section-id=\"1jxeryk\" data-start=\"912\" data-end=\"928\">Nom \/ pr\u00e9nom<\/li><li class=\"\" data-section-id=\"14i9cz7\" data-start=\"929\" data-end=\"946\">Adresse email<\/li><li class=\"\" data-section-id=\"nm6hhr\" data-start=\"947\" data-end=\"966\">Adresse postale<\/li><li class=\"\" data-section-id=\"1m5x4nj\" data-start=\"967\" data-end=\"990\">Num\u00e9ro de t\u00e9l\u00e9phone<\/li><li class=\"\" data-section-id=\"1omih4k\" data-start=\"991\" data-end=\"1019\">Informations de commande<\/li><\/ul><h3 class=\"\" data-section-id=\"pvkyfj\" data-start=\"1021\" data-end=\"1062\">\ud83d\udccc Donn\u00e9es collect\u00e9es automatiquement<\/h3><ul class=\"\" data-start=\"1063\" data-end=\"1115\"><li class=\"\" data-section-id=\"8oaq2u\" data-start=\"1063\" data-end=\"1077\">Adresse IP<\/li><li class=\"\" data-section-id=\"5ofxxz\" data-start=\"1078\" data-end=\"1103\">Donn\u00e9es de navigation<\/li><li class=\"\" data-section-id=\"1fduwkf\" data-start=\"1104\" data-end=\"1115\">Cookies<\/li><\/ul><hr class=\"\" data-start=\"1117\" data-end=\"1120\" \/><h2 class=\"\" data-section-id=\"6o99t4\" data-start=\"1122\" data-end=\"1151\">4. Finalit\u00e9s du traitement<\/h2><p class=\"\" data-start=\"1153\" data-end=\"1187\">Les donn\u00e9es sont collect\u00e9es pour :<\/p><ul class=\"\" data-start=\"1189\" data-end=\"1368\"><li class=\"\" data-section-id=\"1cpj5ce\" data-start=\"1189\" data-end=\"1214\">traiter les commandes<\/li><li class=\"\" data-section-id=\"j3rl0x\" data-start=\"1215\" data-end=\"1243\">g\u00e9rer la relation client<\/li><li class=\"\" data-section-id=\"mzhe9k\" data-start=\"1244\" data-end=\"1297\">envoyer des informations (newsletter, nouveaut\u00e9s)<\/li><li class=\"\" data-section-id=\"1y50ax8\" data-start=\"1298\" data-end=\"1336\">am\u00e9liorer l\u2019exp\u00e9rience utilisateur<\/li><li class=\"\" data-section-id=\"1gfiih0\" data-start=\"1337\" data-end=\"1368\">assurer la s\u00e9curit\u00e9 du site<\/li><\/ul><hr class=\"\" data-start=\"1370\" data-end=\"1373\" \/><h2 class=\"\" data-section-id=\"1lgmeyp\" data-start=\"1375\" data-end=\"1392\">5. Base l\u00e9gale<\/h2><p class=\"\" data-start=\"1394\" data-end=\"1427\">Les traitements sont fond\u00e9s sur :<\/p><ul class=\"\" data-start=\"1429\" data-end=\"1554\"><li class=\"\" data-section-id=\"1ctrsbb\" data-start=\"1429\" data-end=\"1468\">l\u2019ex\u00e9cution d\u2019un contrat (commande)<\/li><li class=\"\" data-section-id=\"13tz5eb\" data-start=\"1469\" data-end=\"1510\">le consentement (newsletter, cookies)<\/li><li class=\"\" data-section-id=\"i2c19q\" data-start=\"1511\" data-end=\"1554\">l\u2019int\u00e9r\u00eat l\u00e9gitime (am\u00e9lioration du site)<\/li><\/ul><hr class=\"\" data-start=\"1556\" data-end=\"1559\" \/><h2 class=\"\" data-section-id=\"icelxy\" data-start=\"1561\" data-end=\"1591\">6. Conservation des donn\u00e9es<\/h2><p class=\"\" data-start=\"1593\" data-end=\"1622\">Les donn\u00e9es sont conserv\u00e9es :<\/p><ul class=\"\" data-start=\"1624\" data-end=\"1792\"><li class=\"\" data-section-id=\"ol5zhe\" data-start=\"1624\" data-end=\"1681\">pendant la dur\u00e9e n\u00e9cessaire \u00e0 la relation commerciale<\/li><li class=\"\" data-section-id=\"143eox0\" data-start=\"1682\" data-end=\"1726\">jusqu\u2019\u00e0 3 ans pour les donn\u00e9es marketing<\/li><li class=\"\" data-section-id=\"1098tt8\" data-start=\"1727\" data-end=\"1792\">selon les obligations l\u00e9gales pour les donn\u00e9es de facturation<\/li><\/ul><hr class=\"\" data-start=\"1794\" data-end=\"1797\" \/><h2 class=\"\" data-section-id=\"18son0u\" data-start=\"1799\" data-end=\"1824\">7. Partage des donn\u00e9es<\/h2><p class=\"\" data-start=\"1826\" data-end=\"1861\">Les donn\u00e9es ne sont jamais vendues.<\/p><p class=\"\" data-start=\"1863\" data-end=\"1909\">Elles peuvent \u00eatre partag\u00e9es uniquement avec :<\/p><ul class=\"\" data-start=\"1911\" data-end=\"2009\"><li class=\"\" data-section-id=\"y4gt48\" data-start=\"1911\" data-end=\"1957\">prestataires de paiement (Stripe, PayPal\u2026)<\/li><li class=\"\" data-section-id=\"1r5iu0z\" data-start=\"1958\" data-end=\"1979\">h\u00e9bergeur du site<\/li><li class=\"\" data-section-id=\"9tef95\" data-start=\"1980\" data-end=\"2009\">outils marketing (emailing)<\/li><\/ul><p class=\"\" data-start=\"2011\" data-end=\"2060\">Ces partenaires sont eux-m\u00eames conformes au RGPD.<\/p><hr class=\"\" data-start=\"2062\" data-end=\"2065\" \/><h2 class=\"\" data-section-id=\"11mi9j3\" data-start=\"2067\" data-end=\"2093\">8. S\u00e9curit\u00e9 des donn\u00e9es<\/h2><p class=\"\" data-start=\"2095\" data-end=\"2188\">Le site met en \u0153uvre des mesures techniques et organisationnelles pour prot\u00e9ger les donn\u00e9es :<\/p><ul class=\"\" data-start=\"2190\" data-end=\"2262\"><li class=\"\" data-section-id=\"gc2ti4\" data-start=\"2190\" data-end=\"2220\">protocole s\u00e9curis\u00e9 (HTTPS)<\/li><li class=\"\" data-section-id=\"1nkxzom\" data-start=\"2221\" data-end=\"2240\">acc\u00e8s restreint<\/li><li class=\"\" data-section-id=\"11gkah2\" data-start=\"2241\" data-end=\"2262\">stockage s\u00e9curis\u00e9<\/li><\/ul><hr class=\"\" data-start=\"2264\" data-end=\"2267\" \/><h2 class=\"\" data-section-id=\"11dls4t\" data-start=\"2269\" data-end=\"2298\">9. Droits des utilisateurs<\/h2><p class=\"\" data-start=\"2300\" data-end=\"2357\">Conform\u00e9ment au RGPD, vous disposez des droits suivants :<\/p><ul class=\"\" data-start=\"2359\" data-end=\"2478\"><li class=\"\" data-section-id=\"1v4i4nf\" data-start=\"2359\" data-end=\"2376\">droit d\u2019acc\u00e8s<\/li><li class=\"\" data-section-id=\"xanhyt\" data-start=\"2377\" data-end=\"2403\">droit de rectification<\/li><li class=\"\" data-section-id=\"mo2y6s\" data-start=\"2404\" data-end=\"2428\">droit de suppression<\/li><li class=\"\" data-section-id=\"wuv2l3\" data-start=\"2429\" data-end=\"2451\">droit d\u2019opposition<\/li><li class=\"\" data-section-id=\"1wy5w2y\" data-start=\"2452\" data-end=\"2478\">droit \u00e0 la portabilit\u00e9<\/li><\/ul><p class=\"\" data-start=\"2480\" data-end=\"2529\">Pour exercer ces droits :<br class=\"\" data-start=\"2505\" data-end=\"2508\" \/>\ud83d\udc49\u00a0<a class=\"\" href=\"mailto:ladechirure.lelivre@gmail.com\" rel=\"noreferrer nofollow noopener\">ladechirure.lelivre@gmail.com<\/a>\u00a0<\/p><hr class=\"\" data-start=\"2531\" data-end=\"2534\" \/><h2 class=\"\" data-section-id=\"1nex5od\" data-start=\"2536\" data-end=\"2550\">10. Cookies<\/h2><p class=\"\" data-start=\"2552\" data-end=\"2586\">Le site utilise des cookies pour :<\/p><ul class=\"\" data-start=\"2588\" data-end=\"2649\"><li class=\"\" data-section-id=\"1y50ax8\" data-start=\"2588\" data-end=\"2626\">am\u00e9liorer l\u2019exp\u00e9rience utilisateur<\/li><li class=\"\" data-section-id=\"1lvgs5x\" data-start=\"2627\" data-end=\"2649\">analyser le trafic<\/li><\/ul><h3 class=\"\" data-section-id=\"1dh86g5\" data-start=\"2651\" data-end=\"2682\">Types de cookies utilis\u00e9s :<\/h3><ul class=\"\" data-start=\"2683\" data-end=\"2743\"><li class=\"\" data-section-id=\"752ly4\" data-start=\"2683\" data-end=\"2719\">cookies techniques (n\u00e9cessaires)<\/li><li class=\"\" data-section-id=\"jm8vvv\" data-start=\"2720\" data-end=\"2743\">cookies analytiques<\/li><\/ul><p class=\"\" data-start=\"2745\" data-end=\"2821\">L\u2019utilisateur peut refuser les cookies via les param\u00e8tres de son navigateur.<\/p><hr class=\"\" data-start=\"2823\" data-end=\"2826\" \/><h2 class=\"\" data-section-id=\"1evew6y\" data-start=\"2828\" data-end=\"2845\">11. Newsletter<\/h2><p class=\"\" data-start=\"2847\" data-end=\"2887\">Si vous vous inscrivez \u00e0 la newsletter :<\/p><ul class=\"\" data-start=\"2889\" data-end=\"3038\"><li class=\"\" data-section-id=\"1kuz30e\" data-start=\"2889\" data-end=\"2955\">votre email est utilis\u00e9 uniquement pour l\u2019envoi d\u2019informations<\/li><li class=\"\" data-section-id=\"1fra6xz\" data-start=\"2956\" data-end=\"3038\">vous pouvez vous d\u00e9sinscrire \u00e0 tout moment via le lien pr\u00e9sent dans les emails<\/li><\/ul><hr class=\"\" data-start=\"3040\" data-end=\"3043\" \/><h2 class=\"\" data-section-id=\"dgdxb9\" data-start=\"3045\" data-end=\"3065\">12. Modifications<\/h2><p class=\"\" data-start=\"3067\" data-end=\"3122\">La pr\u00e9sente politique peut \u00eatre modifi\u00e9e \u00e0 tout moment.<\/p><p class=\"\" data-start=\"3124\" data-end=\"3176\">La version en vigueur est celle publi\u00e9e sur le site.<\/p><hr class=\"\" data-start=\"3178\" data-end=\"3181\" \/><h2 class=\"\" data-section-id=\"1aujs9s\" data-start=\"3183\" data-end=\"3206\">13. Droit applicable<\/h2><p class=\"\" data-start=\"3208\" data-end=\"3260\">La pr\u00e9sente politique est soumise au droit fran\u00e7ais.<\/p>\t\t\t\t\t\t\t\t<\/div>\n\t\t\t\t\t<\/div>\n\t\t<\/div>\n\t\t\t\t\t<\/div>\n\t\t<\/section>\n\t\t\t\t<div class=\"elementor-element elementor-element-e25c5cf e-con e-atomic-element e-flexbox-base\" data-id=\"e25c5cf\" data-element_type=\"e-flexbox\" data-e-type=\"e-flexbox\" data-interaction-id=\"e25c5cf\">\n\t\t\t\t\t\n<hr class=\"e-divider-base\" data-interaction-id=\"b81a714\"   \/>\n\t\t\t\t<\/div>\n\t\t\t\t<\/div>\n\t\t","protected":false},"excerpt":{"rendered":"<p>\u00a0 1. Introduction La pr\u00e9sente politique de confidentialit\u00e9 a pour objectif d\u2019informer les utilisateurs du site\u00a0www.ladechirure.fr\u00a0sur la mani\u00e8re dont leurs donn\u00e9es personnelles sont collect\u00e9es, utilis\u00e9es et prot\u00e9g\u00e9es. Le site s\u2019engage [&hellip;]<\/p>\n","protected":false},"author":1,"featured_media":0,"parent":0,"menu_order":0,"comment_status":"closed","ping_status":"closed","template":"","meta":{"footnotes":""},"class_list":["post-895","page","type-page","status-publish","hentry"],"_links":{"self":[{"href":"https:\/\/ladechirure.fr\/index.php\/wp-json\/wp\/v2\/pages\/895","targetHints":{"allow":["GET"]}}],"collection":[{"href":"https:\/\/ladechirure.fr\/index.php\/wp-json\/wp\/v2\/pages"}],"about":[{"href":"https:\/\/ladechirure.fr\/index.php\/wp-json\/wp\/v2\/types\/page"}],"author":[{"embeddable":true,"href":"https:\/\/ladechirure.fr\/index.php\/wp-json\/wp\/v2\/users\/1"}],"replies":[{"embeddable":true,"href":"https:\/\/ladechirure.fr\/index.php\/wp-json\/wp\/v2\/comments?post=895"}],"version-history":[{"count":10,"href":"https:\/\/ladechirure.fr\/index.php\/wp-json\/wp\/v2\/pages\/895\/revisions"}],"predecessor-version":[{"id":1008,"href":"https:\/\/ladechirure.fr\/index.php\/wp-json\/wp\/v2\/pages\/895\/revisions\/1008"}],"wp:attachment":[{"href":"https:\/\/ladechirure.fr\/index.php\/wp-json\/wp\/v2\/media?parent=895"}],"curies":[{"name":"wp","href":"https:\/\/api.w.org\/{rel}","templated":true}]}}