{"id":890,"date":"2026-04-22T12:38:21","date_gmt":"2026-04-22T10:38:21","guid":{"rendered":"https:\/\/ladechirure.fr\/?page_id=890"},"modified":"2026-04-24T15:57:18","modified_gmt":"2026-04-24T13:57:18","slug":"cgv","status":"publish","type":"page","link":"https:\/\/ladechirure.fr\/index.php\/cgv\/","title":{"rendered":"CGV"},"content":{"rendered":"\t\t<div data-elementor-type=\"wp-page\" data-elementor-id=\"890\" class=\"elementor elementor-890\">\n\t\t\t\t\t\t<section class=\"elementor-section elementor-top-section elementor-element elementor-element-1c858e7 elementor-section-boxed elementor-section-height-default elementor-section-height-default row-top\" data-id=\"1c858e7\" data-element_type=\"section\" data-e-type=\"section\">\n\t\t\t\t\t\t<div class=\"elementor-container elementor-column-gap-default\">\n\t\t\t\t\t<div class=\"elementor-column elementor-col-100 elementor-top-column elementor-element elementor-element-f16fb48 column-style-top\" data-id=\"f16fb48\" data-element_type=\"column\" data-e-type=\"column\">\n\t\t\t<div class=\"elementor-widget-wrap elementor-element-populated\">\n\t\t\t\t\t\t<div class=\"elementor-element elementor-element-1382d66 elementor-widget elementor-widget-text-editor\" data-id=\"1382d66\" data-element_type=\"widget\" data-e-type=\"widget\" data-widget_type=\"text-editor.default\">\n\t\t\t\t\t\t\t\t\t<h1 xmlns=\"http:\/\/www.w3.org\/1999\/xhtml\" data-section-id=\"174bnz5\" data-start=\"223\" data-end=\"265\" style=\"caret-color: rgb(0, 0, 0);\" class=\"\">CONDITIONS G\u00c9N\u00c9RALES DE VENTE (CGV)<\/h1><h2 data-section-id=\"77kttm\" data-start=\"271\" data-end=\"304\"><p xmlns=\"http:\/\/www.w3.org\/1999\/xhtml\" data-start=\"266\" data-end=\"284\" style=\"caret-color: rgb(0, 0, 0);\" class=\"\"><strong data-start=\"266\" data-end=\"284\" class=\"\"><a href=\"https:\/\/ladechirure.fr\" class=\"\" target=\"_blank\" rel=\"noreferrer nofollow noopener\">ladechirure.fr<\/a><\/strong><\/p><hr xmlns=\"http:\/\/www.w3.org\/1999\/xhtml\" data-start=\"286\" data-end=\"289\" class=\"\"><\/h2><h2 xmlns=\"http:\/\/www.w3.org\/1999\/xhtml\" data-section-id=\"1a65ki4\" data-start=\"291\" data-end=\"302\" style=\"caret-color: rgb(0, 0, 0);\" class=\"\">1. Objet<\/h2><h2 data-section-id=\"77kttm\" data-start=\"271\" data-end=\"304\"><p xmlns=\"http:\/\/www.w3.org\/1999\/xhtml\" data-start=\"304\" data-end=\"474\" style=\"caret-color: rgb(0, 0, 0);\" class=\"\">Les pr\u00e9sentes Conditions G\u00e9n\u00e9rales de Vente (CGV) r\u00e9gissent les ventes de produits propos\u00e9es sur le site&nbsp;<strong data-start=\"409\" data-end=\"431\" class=\"\"><a data-start=\"411\" data-end=\"429\" rel=\"noreferrer nofollow noopener\" target=\"_blank\" class=\"decorated-link\" href=\"http:\/\/www.ladechirure.fr\/\">www.ladechirure.fr<span aria-hidden=\"true\" class=\"leading-none ms-0.5 align-middle inline-block\"><\/span><\/a><\/strong>, \u00e9dit\u00e9 par&nbsp;<strong data-start=\"443\" data-end=\"473\" class=\"\">Ombres&amp;passions<\/strong>.<\/p><p xmlns=\"http:\/\/www.w3.org\/1999\/xhtml\" data-start=\"476\" data-end=\"623\" style=\"caret-color: rgb(0, 0, 0);\" class=\"\">Elles d\u00e9finissent les droits et obligations des parties dans le cadre de la vente en ligne du livre&nbsp;<em data-start=\"576\" data-end=\"590\" class=\"\">La D\u00e9chirure<\/em>&nbsp;(format papier et\/ou num\u00e9rique).<\/p><hr xmlns=\"http:\/\/www.w3.org\/1999\/xhtml\" data-start=\"625\" data-end=\"628\" class=\"\"><\/h2><h2 xmlns=\"http:\/\/www.w3.org\/1999\/xhtml\" data-section-id=\"c4sm4r\" data-start=\"630\" data-end=\"644\" style=\"caret-color: rgb(0, 0, 0);\" class=\"\">2. Produits<\/h2><h2 data-section-id=\"77kttm\" data-start=\"271\" data-end=\"304\"><p xmlns=\"http:\/\/www.w3.org\/1999\/xhtml\" data-start=\"646\" data-end=\"685\" style=\"caret-color: rgb(0, 0, 0);\" class=\"\">Les produits propos\u00e9s \u00e0 la vente sont :<\/p><ul xmlns=\"http:\/\/www.w3.org\/1999\/xhtml\" data-start=\"687\" data-end=\"803\" style=\"caret-color: rgb(0, 0, 0);\" class=\"\"><li data-section-id=\"dd4h5t\" data-start=\"687\" data-end=\"718\" class=\"\">Livre papier&nbsp;<em data-start=\"702\" data-end=\"716\" class=\"\">La D\u00e9chirure<\/em><\/li><li data-section-id=\"1hmce0q\" data-start=\"719\" data-end=\"748\" class=\"\">Version num\u00e9rique (ebook)<\/li><li data-section-id=\"3j8yjp\" data-start=\"749\" data-end=\"803\" class=\"\">Offres sp\u00e9ciales (pack, d\u00e9dicace, \u00e9ditions limit\u00e9es)<\/li><\/ul><p xmlns=\"http:\/\/www.w3.org\/1999\/xhtml\" data-start=\"805\" data-end=\"878\" style=\"caret-color: rgb(0, 0, 0);\" class=\"\">Les descriptions sont pr\u00e9sent\u00e9es avec la plus grande exactitude possible.<\/p><hr xmlns=\"http:\/\/www.w3.org\/1999\/xhtml\" data-start=\"880\" data-end=\"883\" class=\"\"><\/h2><h2 xmlns=\"http:\/\/www.w3.org\/1999\/xhtml\" data-section-id=\"1mtctwr\" data-start=\"885\" data-end=\"895\" style=\"caret-color: rgb(0, 0, 0);\" class=\"\">3. Prix<\/h2><h2 data-section-id=\"77kttm\" data-start=\"271\" data-end=\"304\"><p xmlns=\"http:\/\/www.w3.org\/1999\/xhtml\" data-start=\"897\" data-end=\"937\" style=\"caret-color: rgb(0, 0, 0);\" class=\"\">Les prix sont indiqu\u00e9s en euros (\u20ac) TTC.<\/p><p xmlns=\"http:\/\/www.w3.org\/1999\/xhtml\" data-start=\"939\" data-end=\"1069\" style=\"caret-color: rgb(0, 0, 0);\" class=\"\">L\u2019\u00e9diteur se r\u00e9serve le droit de modifier les prix \u00e0 tout moment.<br data-start=\"1004\" data-end=\"1007\" class=\"\">Le prix applicable est celui affich\u00e9 au moment de la commande.<\/p><hr xmlns=\"http:\/\/www.w3.org\/1999\/xhtml\" data-start=\"1071\" data-end=\"1074\" class=\"\"><\/h2><h2 xmlns=\"http:\/\/www.w3.org\/1999\/xhtml\" data-section-id=\"1i0shkt\" data-start=\"1076\" data-end=\"1090\" style=\"caret-color: rgb(0, 0, 0);\" class=\"\">4. Commande<\/h2><h2 data-section-id=\"77kttm\" data-start=\"271\" data-end=\"304\"><p xmlns=\"http:\/\/www.w3.org\/1999\/xhtml\" data-start=\"1092\" data-end=\"1185\" style=\"caret-color: rgb(0, 0, 0);\" class=\"\">Toute commande pass\u00e9e sur le site implique l\u2019acceptation pleine et enti\u00e8re des pr\u00e9sentes CGV.<\/p><p xmlns=\"http:\/\/www.w3.org\/1999\/xhtml\" data-start=\"1187\" data-end=\"1243\" style=\"caret-color: rgb(0, 0, 0);\" class=\"\">Le client re\u00e7oit une confirmation de commande par email.<\/p><hr xmlns=\"http:\/\/www.w3.org\/1999\/xhtml\" data-start=\"1245\" data-end=\"1248\" class=\"\"><\/h2><h2 xmlns=\"http:\/\/www.w3.org\/1999\/xhtml\" data-section-id=\"1tamya9\" data-start=\"1250\" data-end=\"1264\" style=\"caret-color: rgb(0, 0, 0);\" class=\"\">5. Paiement<\/h2><h2 data-section-id=\"77kttm\" data-start=\"271\" data-end=\"304\"><p xmlns=\"http:\/\/www.w3.org\/1999\/xhtml\" data-start=\"1266\" data-end=\"1319\" style=\"caret-color: rgb(0, 0, 0);\" class=\"\">Le paiement est exigible imm\u00e9diatement \u00e0 la commande.<\/p><p xmlns=\"http:\/\/www.w3.org\/1999\/xhtml\" data-start=\"1321\" data-end=\"1359\" style=\"caret-color: rgb(0, 0, 0);\" class=\"\">Les moyens de paiement accept\u00e9s sont :<\/p><ul xmlns=\"http:\/\/www.w3.org\/1999\/xhtml\" data-start=\"1361\" data-end=\"1441\" style=\"caret-color: rgb(0, 0, 0);\" class=\"\"><li data-section-id=\"f9wdiw\" data-start=\"1361\" data-end=\"1379\" class=\"\">Carte bancaire via Stripe<\/li><li data-section-id=\"ms057q\" data-start=\"1380\" data-end=\"1402\" class=\"\">PayPal&nbsp;<\/li><\/ul><p xmlns=\"http:\/\/www.w3.org\/1999\/xhtml\" data-start=\"1443\" data-end=\"1476\" style=\"caret-color: rgb(0, 0, 0);\" class=\"\">Les transactions sont s\u00e9curis\u00e9es.<\/p><hr xmlns=\"http:\/\/www.w3.org\/1999\/xhtml\" data-start=\"1478\" data-end=\"1481\" class=\"\"><\/h2><h2 xmlns=\"http:\/\/www.w3.org\/1999\/xhtml\" data-section-id=\"d5r2v0\" data-start=\"1483\" data-end=\"1513\" style=\"caret-color: rgb(0, 0, 0);\" class=\"\">6. Livraison (livre papier)<\/h2><h2 data-section-id=\"77kttm\" data-start=\"271\" data-end=\"304\"><p xmlns=\"http:\/\/www.w3.org\/1999\/xhtml\" data-start=\"1515\" data-end=\"1579\" style=\"caret-color: rgb(0, 0, 0);\" class=\"\">Les commandes sont exp\u00e9di\u00e9es \u00e0 l\u2019adresse indiqu\u00e9e par le client.<\/p><p xmlns=\"http:\/\/www.w3.org\/1999\/xhtml\" data-start=\"1581\" data-end=\"1600\" style=\"caret-color: rgb(0, 0, 0);\" class=\"\">D\u00e9lais indicatifs :<\/p><ul xmlns=\"http:\/\/www.w3.org\/1999\/xhtml\" data-start=\"1602\" data-end=\"1678\" style=\"caret-color: rgb(0, 0, 0);\" class=\"\"><li data-section-id=\"y8c2m\" data-start=\"1602\" data-end=\"1633\" class=\"\">France : 3 \u00e0 7 jours ouvr\u00e9s<\/li><li data-section-id=\"kpk361\" data-start=\"1634\" data-end=\"1678\" class=\"\">International : variable selon destination<\/li><\/ul><p xmlns=\"http:\/\/www.w3.org\/1999\/xhtml\" data-start=\"1680\" data-end=\"1749\" style=\"caret-color: rgb(0, 0, 0);\" class=\"\">Les frais de livraison sont indiqu\u00e9s avant validation de la commande.<\/p><p xmlns=\"http:\/\/www.w3.org\/1999\/xhtml\" data-start=\"1751\" data-end=\"1831\" style=\"caret-color: rgb(0, 0, 0);\" class=\"\">Le vendeur ne peut \u00eatre tenu responsable des retards imputables au transporteur.<\/p><hr xmlns=\"http:\/\/www.w3.org\/1999\/xhtml\" data-start=\"1833\" data-end=\"1836\" class=\"\"><\/h2><h2 xmlns=\"http:\/\/www.w3.org\/1999\/xhtml\" data-section-id=\"v4z6yd\" data-start=\"1838\" data-end=\"1871\" style=\"caret-color: rgb(0, 0, 0);\" class=\"\">7. Produits num\u00e9riques (ebook)<\/h2><h2 data-section-id=\"77kttm\" data-start=\"271\" data-end=\"304\"><p xmlns=\"http:\/\/www.w3.org\/1999\/xhtml\" data-start=\"1873\" data-end=\"1958\" style=\"caret-color: rgb(0, 0, 0);\" class=\"\">Les produits num\u00e9riques sont envoy\u00e9s par voie \u00e9lectronique (email ou t\u00e9l\u00e9chargement).<\/p><p xmlns=\"http:\/\/www.w3.org\/1999\/xhtml\" data-start=\"1960\" data-end=\"2061\" style=\"caret-color: rgb(0, 0, 0);\" class=\"\">\ud83d\udc49 Aucun remboursement n\u2019est possible apr\u00e8s t\u00e9l\u00e9chargement, conform\u00e9ment \u00e0 la l\u00e9gislation en vigueur.<\/p><hr xmlns=\"http:\/\/www.w3.org\/1999\/xhtml\" data-start=\"2063\" data-end=\"2066\" class=\"\"><\/h2><h2 xmlns=\"http:\/\/www.w3.org\/1999\/xhtml\" data-section-id=\"j09lfk\" data-start=\"2068\" data-end=\"2095\" style=\"caret-color: rgb(0, 0, 0);\" class=\"\">8. Droit de r\u00e9tractation<\/h2><h3 xmlns=\"http:\/\/www.w3.org\/1999\/xhtml\" data-section-id=\"1oytume\" data-start=\"2097\" data-end=\"2116\" style=\"caret-color: rgb(0, 0, 0);\" class=\"\">\ud83d\udce6 Livre papier<\/h3><h2 data-section-id=\"77kttm\" data-start=\"271\" data-end=\"304\"><p xmlns=\"http:\/\/www.w3.org\/1999\/xhtml\" data-start=\"2118\" data-end=\"2214\" style=\"caret-color: rgb(0, 0, 0);\" class=\"\">Conform\u00e9ment \u00e0 la loi, le client dispose de&nbsp;<strong data-start=\"2162\" data-end=\"2174\" class=\"\">14 jours<\/strong>&nbsp;pour exercer son droit de r\u00e9tractation.<\/p><p xmlns=\"http:\/\/www.w3.org\/1999\/xhtml\" data-start=\"2216\" data-end=\"2228\" style=\"caret-color: rgb(0, 0, 0);\" class=\"\">Conditions :<\/p><ul xmlns=\"http:\/\/www.w3.org\/1999\/xhtml\" data-start=\"2230\" data-end=\"2318\" style=\"caret-color: rgb(0, 0, 0);\" class=\"\"><li data-section-id=\"h1jpdd\" data-start=\"2230\" data-end=\"2253\" class=\"\">produit non utilis\u00e9<\/li><li data-section-id=\"1f4yrr0\" data-start=\"2254\" data-end=\"2286\" class=\"\">retour \u00e0 la charge du client<\/li><li data-section-id=\"1isbnhx\" data-start=\"2287\" data-end=\"2318\" class=\"\">remboursement apr\u00e8s r\u00e9ception<\/li><\/ul><hr xmlns=\"http:\/\/www.w3.org\/1999\/xhtml\" data-start=\"2320\" data-end=\"2323\" class=\"\"><\/h2><h3 xmlns=\"http:\/\/www.w3.org\/1999\/xhtml\" data-section-id=\"1fkg0qq\" data-start=\"2325\" data-end=\"2349\" style=\"caret-color: rgb(0, 0, 0);\" class=\"\">\u26a0\ufe0f Ebook (IMPORTANT)<\/h3><h2 data-section-id=\"77kttm\" data-start=\"271\" data-end=\"304\"><p xmlns=\"http:\/\/www.w3.org\/1999\/xhtml\" data-start=\"2351\" data-end=\"2430\" style=\"caret-color: rgb(0, 0, 0);\" class=\"\">Le droit de r\u00e9tractation ne s\u2019applique pas aux contenus num\u00e9riques t\u00e9l\u00e9charg\u00e9s.<\/p><hr xmlns=\"http:\/\/www.w3.org\/1999\/xhtml\" data-start=\"2432\" data-end=\"2435\" class=\"\"><\/h2><h2 xmlns=\"http:\/\/www.w3.org\/1999\/xhtml\" data-section-id=\"3e8sm3\" data-start=\"2437\" data-end=\"2461\" style=\"caret-color: rgb(0, 0, 0);\" class=\"\">9. Produits d\u00e9dicac\u00e9s<\/h2><h2 data-section-id=\"77kttm\" data-start=\"271\" data-end=\"304\"><p xmlns=\"http:\/\/www.w3.org\/1999\/xhtml\" data-start=\"2463\" data-end=\"2552\" style=\"caret-color: rgb(0, 0, 0);\" class=\"\">Les produits personnalis\u00e9s (livres d\u00e9dicac\u00e9s) ne sont ni repris ni \u00e9chang\u00e9s.<\/p><hr xmlns=\"http:\/\/www.w3.org\/1999\/xhtml\" data-start=\"2554\" data-end=\"2557\" class=\"\"><\/h2><h2 xmlns=\"http:\/\/www.w3.org\/1999\/xhtml\" data-section-id=\"11xxs4e\" data-start=\"2559\" data-end=\"2580\" style=\"caret-color: rgb(0, 0, 0);\" class=\"\">10. Responsabilit\u00e9<\/h2><h2 data-section-id=\"77kttm\" data-start=\"271\" data-end=\"304\"><p xmlns=\"http:\/\/www.w3.org\/1999\/xhtml\" data-start=\"2582\" data-end=\"2627\" style=\"caret-color: rgb(0, 0, 0);\" class=\"\">Le vendeur ne saurait \u00eatre tenu responsable :<\/p><ul xmlns=\"http:\/\/www.w3.org\/1999\/xhtml\" data-start=\"2629\" data-end=\"2767\" style=\"caret-color: rgb(0, 0, 0);\" class=\"\"><li data-section-id=\"184alpl\" data-start=\"2629\" data-end=\"2670\" class=\"\">d\u2019une mauvaise utilisation du produit<\/li><li data-section-id=\"vovied\" data-start=\"2671\" data-end=\"2718\" class=\"\">d\u2019un probl\u00e8me technique ind\u00e9pendant du site<\/li><li data-section-id=\"1xtguxl\" data-start=\"2719\" data-end=\"2767\" class=\"\">d\u2019un retard de livraison li\u00e9 au transporteur<\/li><\/ul><hr xmlns=\"http:\/\/www.w3.org\/1999\/xhtml\" data-start=\"2769\" data-end=\"2772\" class=\"\"><\/h2><h2 xmlns=\"http:\/\/www.w3.org\/1999\/xhtml\" data-section-id=\"yni9rc\" data-start=\"2774\" data-end=\"2805\" style=\"caret-color: rgb(0, 0, 0);\" class=\"\">11. Propri\u00e9t\u00e9 intellectuelle<\/h2><h2 data-section-id=\"77kttm\" data-start=\"271\" data-end=\"304\"><p xmlns=\"http:\/\/www.w3.org\/1999\/xhtml\" data-start=\"2807\" data-end=\"2854\" style=\"caret-color: rgb(0, 0, 0);\" class=\"\">Le contenu du livre&nbsp;<em data-start=\"2827\" data-end=\"2841\" class=\"\">La D\u00e9chirure<\/em>&nbsp;est prot\u00e9g\u00e9.<\/p><p xmlns=\"http:\/\/www.w3.org\/1999\/xhtml\" data-start=\"2856\" data-end=\"2934\" style=\"caret-color: rgb(0, 0, 0);\" class=\"\">Toute reproduction, diffusion ou exploitation sans autorisation est interdite.<\/p><hr xmlns=\"http:\/\/www.w3.org\/1999\/xhtml\" data-start=\"2936\" data-end=\"2939\" class=\"\"><\/h2><h2 xmlns=\"http:\/\/www.w3.org\/1999\/xhtml\" data-section-id=\"1agg5kk\" data-start=\"2941\" data-end=\"2968\" style=\"caret-color: rgb(0, 0, 0);\" class=\"\">12. Donn\u00e9es personnelles<\/h2><h2 data-section-id=\"77kttm\" data-start=\"271\" data-end=\"304\"><p xmlns=\"http:\/\/www.w3.org\/1999\/xhtml\" data-start=\"2970\" data-end=\"3025\" style=\"caret-color: rgb(0, 0, 0);\" class=\"\">Les donn\u00e9es collect\u00e9es sont utilis\u00e9es uniquement pour :<\/p><ul xmlns=\"http:\/\/www.w3.org\/1999\/xhtml\" data-start=\"3027\" data-end=\"3075\" style=\"caret-color: rgb(0, 0, 0);\" class=\"\"><li data-section-id=\"1yqe6na\" data-start=\"3027\" data-end=\"3055\" class=\"\">traitement des commandes<\/li><li data-section-id=\"a6c053\" data-start=\"3056\" data-end=\"3075\" class=\"\">relation client<\/li><\/ul><p xmlns=\"http:\/\/www.w3.org\/1999\/xhtml\" data-start=\"3077\" data-end=\"3108\" style=\"caret-color: rgb(0, 0, 0);\" class=\"\">Elles ne sont jamais revendues.<\/p><p xmlns=\"http:\/\/www.w3.org\/1999\/xhtml\" data-start=\"3110\" data-end=\"3184\" style=\"caret-color: rgb(0, 0, 0);\" class=\"\">Conform\u00e9ment au RGPD, le client peut demander modification ou suppression.<\/p><p xmlns=\"http:\/\/www.w3.org\/1999\/xhtml\" data-start=\"3186\" data-end=\"3203\" style=\"caret-color: rgb(0, 0, 0);\" class=\"\">Contact : <a href=\"mailto:ladechirure.lelivre@gmail.com\" class=\"\" rel=\"noreferrer nofollow noopener\">ladechirure.lelivre@gmail.com<\/a>&nbsp;<\/p><hr xmlns=\"http:\/\/www.w3.org\/1999\/xhtml\" data-start=\"3205\" data-end=\"3208\" class=\"\"><\/h2><h2 xmlns=\"http:\/\/www.w3.org\/1999\/xhtml\" data-section-id=\"auajeo\" data-start=\"3210\" data-end=\"3224\" style=\"caret-color: rgb(0, 0, 0);\" class=\"\">13. Litiges<\/h2><h2 data-section-id=\"77kttm\" data-start=\"271\" data-end=\"304\"><p xmlns=\"http:\/\/www.w3.org\/1999\/xhtml\" data-start=\"3226\" data-end=\"3293\" style=\"caret-color: rgb(0, 0, 0);\" class=\"\">En cas de litige, une solution amiable sera recherch\u00e9e en priorit\u00e9.<\/p><p xmlns=\"http:\/\/www.w3.org\/1999\/xhtml\" data-start=\"3295\" data-end=\"3346\" style=\"caret-color: rgb(0, 0, 0);\" class=\"\">\u00c0 d\u00e9faut, les tribunaux fran\u00e7ais seront comp\u00e9tents.<\/p><\/h2>\t\t\t\t\t\t\t\t<\/div>\n\t\t\t\t\t<\/div>\n\t\t<\/div>\n\t\t\t\t\t<\/div>\n\t\t<\/section>\n\t\t\t\t<\/div>\n\t\t","protected":false},"excerpt":{"rendered":"<p>CONDITIONS G\u00c9N\u00c9RALES DE VENTE (CGV) ladechirure.fr 1. Objet Les pr\u00e9sentes Conditions G\u00e9n\u00e9rales de Vente (CGV) r\u00e9gissent les ventes de produits propos\u00e9es sur le site&nbsp;www.ladechirure.fr, \u00e9dit\u00e9 par&nbsp;Ombres&amp;passions. Elles d\u00e9finissent les droits [&hellip;]<\/p>\n","protected":false},"author":1,"featured_media":0,"parent":0,"menu_order":0,"comment_status":"closed","ping_status":"closed","template":"","meta":{"footnotes":""},"class_list":["post-890","page","type-page","status-publish","hentry"],"_links":{"self":[{"href":"https:\/\/ladechirure.fr\/index.php\/wp-json\/wp\/v2\/pages\/890","targetHints":{"allow":["GET"]}}],"collection":[{"href":"https:\/\/ladechirure.fr\/index.php\/wp-json\/wp\/v2\/pages"}],"about":[{"href":"https:\/\/ladechirure.fr\/index.php\/wp-json\/wp\/v2\/types\/page"}],"author":[{"embeddable":true,"href":"https:\/\/ladechirure.fr\/index.php\/wp-json\/wp\/v2\/users\/1"}],"replies":[{"embeddable":true,"href":"https:\/\/ladechirure.fr\/index.php\/wp-json\/wp\/v2\/comments?post=890"}],"version-history":[{"count":7,"href":"https:\/\/ladechirure.fr\/index.php\/wp-json\/wp\/v2\/pages\/890\/revisions"}],"predecessor-version":[{"id":996,"href":"https:\/\/ladechirure.fr\/index.php\/wp-json\/wp\/v2\/pages\/890\/revisions\/996"}],"wp:attachment":[{"href":"https:\/\/ladechirure.fr\/index.php\/wp-json\/wp\/v2\/media?parent=890"}],"curies":[{"name":"wp","href":"https:\/\/api.w.org\/{rel}","templated":true}]}}